 number?
True
Is 30079218178 a composite number?
True
Is 34454363453 prime?
True
Is 2262950527 prime?
False
Is 228205127 composite?
True
Is 13976569 a composite number?
True
Is 15149181449 prime?
False
Is 101759381 a prime number?
True
Is 303155002 a composite number?
True
Is 125455093 a prime number?
True
Is 12612140683 prime?
True
Is 11346299183 composite?
True
Is 8393788457 composite?
False
Is 110090635649 prime?
False
Is 336003241889 prime?
False
Is 277435609 a composite number?
True
Is 8318310919 a prime number?
False
Is 674705543 a prime number?
True
Is 3860606881 composite?
False
Is 331460861 prime?
True
Is 1711997747 a prime number?
False
Is 41195609353 a composite number?
True
Is 587871773 prime?
True
Is 101423017 a prime number?
True
Is 3617040031 composite?
True
Is 213203083061 a prime number?
True
Is 1490615179 composite?
True
Is 89524007 a prime number?
False
Is 8301828557 prime?
False
Is 3411178177 a composite number?
True
Is 149369791 composite?
True
Is 26008684697 a composite number?
True
Is 533457259 prime?
False
Is 1230749243 a prime number?
True
Is 55524835033 a prime number?
True
Is 144085325221 a prime number?
True
Is 15245557297 prime?
True
Is 18818656517 a prime number?
False
Is 3074776513 a composite number?
True
Is 109151239 prime?
False
Is 7533968261 composite?
True
Is 1804408383 a prime number?
False
Is 80897218091 composite?
True
Is 39436092317 a prime number?
True
Is 195666144889 a composite number?
True
Is 127416109813 a composite number?
False
Is 4188741259 a prime number?
False
Is 98651484373 prime?
False
Is 18030089359 composite?
False
Is 3382311971 a prime number?
False
Is 484412735 a prime number?
False
Is 6494645785 a composite number?
True
Is 193613543 composite?
True
Is 300427607 prime?
False
Is 2117948947 prime?
False
Is 921600127 prime?
False
Is 22175208623 a composite number?
False
Is 8139543263 a composite number?
False
Is 215305241 a composite number?
False
Is 5805886793 prime?
False
Is 76709852965 a composite number?
True
Is 3112185581 prime?
True
Is 8669704229 prime?
True
Is 52128037957 prime?
True
Is 172892311 a composite number?
True
Is 232454741 a prime number?
False
Is 31068031 a prime number?
False
Is 34988201 a prime number?
False
Is 2714296537 prime?
True
Is 4861178159 a prime number?
True
Is 15328143958 a prime number?
False
Is 2354002867 a composite number?
False
Is 4776158929 prime?
True
Is 4133012185 composite?
True
Is 249749959 prime?
False
Is 5248380751 composite?
True
Is 4109164139 a composite number?
False
Is 19887083903 a prime number?
True
Is 2903618561 a composite number?
False
Is 12443913479 composite?
False
Is 54840031139 a composite number?
False
Is 9810346466 a prime number?
False
Is 2267293499 composite?
False
Is 1761247231 a composite number?
True
Is 9401636957 a prime number?
True
Is 2435216089 a composite number?
False
Is 4041776171 composite?
False
Is 11666077607 prime?
False
Is 899969633 composite?
False
Is 92465346287 a composite number?
True
Is 244638791 a prime number?
True
Is 1245597893 a prime number?
False
Is 33193439 prime?
False
Is 777691511 a prime number?
True
Is 48852686657 a prime number?
False
Is 260536769 a composite number?
False
Is 814120187 a prime number?
False
Is 3322612222 a composite number?
True
Is 11493877933 prime?
True
Is 132113837 a composite number?
True
Is 175944007 prime?
True
Is 5750127715 composite?
True
Is 6032488669 a composite number?
False
Is 4661423399 a composite number?
False
Is 8177811727 prime?
True
Is 42257054947 composite?
False
Is 471931379 a composite number?
False
Is 1055018467 a composite number?
True
Is 2074414187 a composite number?
True
Is 1450638131 a composite number?
False
Is 2721708983 a prime number?
False
Is 4729684963 prime?
True
Is 16272116687 composite?
True
Is 27426823499 a prime number?
False
Is 11028925274 composite?
True
Is 527061851 composite?
True
Is 4514396459 a composite number?
False
Is 2487336617 prime?
False
Is 7907702581 prime?
True
Is 11902864399 a prime number?
True
Is 5167092011 prime?
False
Is 38869881493 a composite number?
True
Is 478121323 a prime number?
False
Is 37466165339 a prime number?
True
Is 67965643457 composite?
True
Is 17757464707 a composite number?
True
Is 1318013659 prime?
False
Is 240096809 prime?
True
Is 568426339 composite?
True
Is 5034811109 prime?
True
Is 12301738159 a composite number?
True
Is 1830348133 prime?
True
Is 198256523 a composite number?
False
Is 436543399 composite?
False
Is 4657619699 a composite number?
False
Is 559536634 a composite number?
True
Is 6027192089 a prime number?
False
Is 383945717 a composite number?
True
Is 47190936721 prime?
False
Is 414743708309 composite?
True
Is 14601926 prime?
False
Is 8275296923 composite?
False
Is 15136475297 prime?
False
Is 54203446303 prime?
True
Is 16641182231 a composite number?
True
Is 69444641891 prime?
True
Is 1990060199 composite?
True
Is 92139804691 a composite number?
True
Is 4506025679 composite?
True
Is 8635522121 a composite number?
False
Is 69751027 a prime number?
True
Is 18159636953 composite?
False
Is 8609438989 composite?
False
Is 34450402351 composite?
False
Is 111598202119 composite?
True
Is 179604263621 a prime number?
False
Is 1667356931 composite?
False
Is 35257743517 composite?
False
Is 397370511347 a prime number?
True
Is 100452639269 a composite number?
True
Is 987142097 a prime number?
True
Is 3102399607 prime?
True
Is 728476589 a composite number?
False
Is 15769197617 prime?
True
Is 241082057 a prime number?
True
Is 1827670037 composite?
False
Is 393046033957 prime?
True
Is 44584286533 prime?
True
Is 10681369723 a prime number?
True
Is 167452855903 a composite number?
False
Is 1013036551 composite?
False
Is 1187223571 a prime number?
True
Is 208650037 prime?
False
Is 27645152221 a composite number?
False
Is 246830561 a composite number?
False
Is 1955942134 a composite number?
True
Is 46282950829 a composite number?
True
Is 570208741 a prime number?
True
Is 11220650041 a prime number?
True
Is 16491854927 a composite number?
True
Is 2964817013 prime?
True
Is 45294944155 prime?
False
Is 1474316551 composite?
True
Is 4288659153 a prime number?
False
Is 1009044067 prime?
False
Is 13510207367 composite?
True
Is 4579194751 prime?
True
Is 1293583481 a composite number?
True
Is 42525829 a prime number?
False
Is 6634070819 a composite number?
False
Is 796677139 a prime number?
False
Is 104266046243 prime?
False
Is 2442267883 a composite number?
True
Is 11947888191 a composite number?
True
Is 130498351 composite?
False
Is 1026301571 a composite number?
False
Is 930104503 composite?
False
Is 87559616483 composite?
False
Is 81557251891 composite?
True
Is 21349425439 composite?
False
Is 47940833989 composite?
False
Is 2880913921 a composite number?
True
Is 4088566919 composite?
True
Is 6515947631 prime?
True
Is 99509257 a composite number?
False
Is 18591305647 a prime number?
False
Is 56965138303 a composite number?
True
Is 86815846657 a composite number?
False
Is 2512600549 composite?
True
Is 12808890109 prime?
False
Is 11198456357 a composite number?
True
Is 2200824157 prime?
False
Is 502298947 a composite number?
False
Is 20747167 a composite number?
True
Is 42425715613 a composite number?
True
Is 1236179819 a composite number?
True
Is 3479398435 prime?
False
Is 14932162019 a composite number?
False
Is 64992964791 prime?
False
Is 2147337331 a composite number?
True
Is 9729295791 prime?
False
Is 13569689039 prime?
False
Is 49969641962 a prime number?
False
Is 43709418677 prime?
False
Is 1221154657 prime?
False
Is 7878853 prime?
True
Is 1896305267 composite?
False
Is 7068707959 a composite number?
True
Is 33237671 prime?
False
Is 9856279847 prime?
False
Is 1078743493 a composite number?
True
Is 4246364149 prime?
True
Is 1560545947 a prime number?
True
Is 1355699293 a prime number?
False
Is 1072851127 composite?
True
Is 270965459 composite?
False
Is 39261932093 a composite number?
True
Is 2518074989 a prime number?
True
Is 686200441 a composite number?
True
Is 3271804097 prime?
True
Is 523009793 a composite number?
True
Is 3240193179 composite?
True
Is 7651861267 composite?
True
Is 27877937111 prime?
True
Is 2102275291 composite?
False
Is 326509951 composite?
True
Is 405144651 composite?
True
Is 9206185711